{"id":86,"date":"2025-05-11T21:22:03","date_gmt":"2025-05-11T21:22:03","guid":{"rendered":"https:\/\/www.bynikolstudio.com\/?page_id=86"},"modified":"2026-03-24T12:36:03","modified_gmt":"2026-03-24T12:36:03","slug":"faq","status":"publish","type":"page","link":"https:\/\/www.bynikolstudio.com\/index.php\/faq\/","title":{"rendered":"FAQ"},"content":{"rendered":"\n<h2 class=\"wp-block-heading alignwide\" style=\"margin-top:var(--wp--preset--spacing--50)\">FAQ &#8211; \u010dasto kladen\u00e9 ot\u00e1zky<\/h2>\n\n\n\n<h4 class=\"wp-block-heading alignwide\" style=\"margin-top:var(--wp--preset--spacing--60)\"><em>Co je to barevn\u00e1 typologie?<\/em><\/h4>\n\n\n\n<h4 class=\"wp-block-heading alignwide\" style=\"margin-bottom:var(--wp--preset--spacing--50)\">Barevn\u00e1 typologie je individu\u00e1ln\u00ed konzultace, kter\u00e1 pom\u00e1h\u00e1 objevit barvy, kter\u00e9 p\u0159irozen\u011b lad\u00ed a harmonizuj\u00ed s va\u0161\u00ed plet\u00ed, o\u010dima, vlasy a celkov\u00fdm barevn\u00fdm kontrastem.<\/h4>\n\n\n\n<h4 class=\"wp-block-heading alignwide\"><em>Jak to funguje?<\/em><\/h4>\n\n\n\n<h4 class=\"wp-block-heading alignwide\" style=\"margin-bottom:var(--wp--preset--spacing--50)\">Pomoc\u00ed tzv. \u0161\u00e1tkov\u00e1n\u00ed spole\u010dn\u011b zjist\u00edme, kter\u00e9 odst\u00edny jsou pro v\u00e1s ty nejlep\u0161\u00ed. Pou\u017e\u00edv\u00e1m metodu 16 typ\u016f podle Italsk\u00e9ho image institutu, kter\u00e9 se li\u0161\u00ed v barevn\u00e9m podt\u00f3nu, jasu, sytosti a kontrastu.<\/h4>\n\n\n\n<h4 class=\"wp-block-heading alignwide\"><em>Jak konzultace prob\u00edh\u00e1?<\/em><\/h4>\n\n\n\n<h4 class=\"wp-block-heading alignwide\" style=\"margin-bottom:var(--wp--preset--spacing--50)\">Setk\u00e1me se v \u00fatuln\u00e9m studiu v Praze, kde pomoc\u00ed speci\u00e1ln\u00edch barevn\u00fdch \u0161\u00e1tk\u016f odhal\u00edme v\u00e1\u0161 barevn\u00fd typ. B\u011bhem p\u0159ibli\u017en\u011b 1,5 hodiny si uk\u00e1\u017eeme, jak\u00e9 barvy v\u00e1m nejv\u00edce slu\u0161\u00ed a kter\u00fdm barv\u00e1m je lep\u0161\u00ed se vyhnout. Vysv\u011btl\u00edm v\u00e1m, jak s va\u0161\u00ed paletou d\u00e1le pracovat p\u0159i v\u00fdb\u011bru oble\u010den\u00ed, dopl\u0148k\u016f a make-upu. Pod\u00edv\u00e1me se na va\u0161e obl\u00edben\u00e9 kousky v \u0161atn\u00edku, uk\u00e1\u017eeme si jak je pou\u017e\u00edvat i kdy\u017e nejsou ve va\u0161\u00ed barevn\u00e9 palet\u011b a stejn\u011b projdeme i v\u00e1\u0161 make-up a zkonzultujeme i barvu vlas\u016f. Obdr\u017e\u00edte vlastn\u00ed barevnou paletu, celkov\u00e9 zhodnocen\u00ed va\u0161\u00ed n\u00e1v\u0161t\u011bvy, abyste na nic nezapomn\u011bli a mohli se k tomu obrovsk\u00e9mu mno\u017estv\u00ed informac\u00ed kdykoliv vracet, a tak\u00e9 tipy na n\u00e1kupy.<\/h4>\n\n\n\n<h4 class=\"wp-block-heading alignwide\"><em>Jak\u00e1 je cena konzultace?<\/em><\/h4>\n\n\n\n<h4 class=\"wp-block-heading alignwide\" style=\"margin-bottom:var(--wp--preset--spacing--50)\">Individu\u00e1ln\u00ed konzultace, kter\u00e1 trv\u00e1 1,5-2 hodiny stoj\u00ed 2500,-, konzultace pro dva stoj\u00ed 4400,- a pro skupinov\u00e9 konzultace nad 2 osoby r\u00e1da p\u0159iprav\u00edm individu\u00e1ln\u00ed nab\u00eddku, sta\u010d\u00ed mi poslat email.<\/h4>\n\n\n\n<h4 class=\"wp-block-heading alignwide\"><em>Pro koho je barevn\u00e1 typologie vhodn\u00e1?<\/em><\/h4>\n\n\n\n<h4 class=\"wp-block-heading alignwide\">Tato slu\u017eba je vhodn\u00e1 pro ka\u017ed\u00e9ho, kdo chce:<\/h4>\n\n\n\n<h4 class=\"wp-block-heading alignwide\" style=\"padding-right:0;padding-left:var(--wp--preset--spacing--50)\">&#8211; naj\u00edt vlastn\u00ed styl a c\u00edtit se v n\u011bm skv\u011ble<\/h4>\n\n\n\n<h4 class=\"wp-block-heading alignwide\" style=\"padding-left:var(--wp--preset--spacing--50)\">&#8211; zjednodu\u0161it si v\u00fdb\u011br oble\u010den\u00ed<\/h4>\n\n\n\n<h4 class=\"wp-block-heading alignwide\" style=\"padding-left:var(--wp--preset--spacing--50)\">&#8211; p\u016fsobit sv\u011b\u017ee a p\u0159irozen\u011b<\/h4>\n\n\n\n<h4 class=\"wp-block-heading alignwide\" style=\"padding-bottom:var(--wp--preset--spacing--50);padding-left:var(--wp--preset--spacing--50)\">&#8211; zjistit pro\u010d a jak n\u011bkter\u00e9 barvy funguj\u00ed a jin\u00e9 ne<\/h4>\n\n\n\n<h4 class=\"wp-block-heading alignwide\">A\u0165 u\u017e jste po \u017eivotn\u00ed zm\u011bn\u011b, hled\u00e1te nov\u00fd impuls, nebo se chcete prost\u011b jen l\u00e9pe c\u00edtit a poznat, barevn\u00e1 typologie v\u00e1m m\u016f\u017ee b\u00fdt kr\u00e1sn\u00fdm za\u010d\u00e1tkem.<\/h4>\n","protected":false},"excerpt":{"rendered":"<p>FAQ &#8211; \u010dasto kladen\u00e9 ot\u00e1zky Co je to barevn\u00e1 typologie? Barevn\u00e1 typologie je individu\u00e1ln\u00ed konzultace, kter\u00e1 pom\u00e1h\u00e1 objevit barvy, kter\u00e9 p\u0159irozen\u011b lad\u00ed a harmonizuj\u00ed s va\u0161\u00ed plet\u00ed, o\u010dima, vlasy a celkov\u00fdm barevn\u00fdm kontrastem. Jak to funguje? Pomoc\u00ed tzv. \u0161\u00e1tkov\u00e1n\u00ed spole\u010dn\u011b zjist\u00edme, kter\u00e9 odst\u00edny jsou pro v\u00e1s ty nejlep\u0161\u00ed. Pou\u017e\u00edv\u00e1m metodu 16 typ\u016f podle Italsk\u00e9ho image [&hellip;]<\/p>\n","protected":false},"author":1,"featured_media":0,"parent":0,"menu_order":0,"comment_status":"closed","ping_status":"closed","template":"page-no-title","meta":{"inline_featured_image":false,"footnotes":""},"class_list":["post-86","page","type-page","status-publish","hentry"],"_links":{"self":[{"href":"https:\/\/www.bynikolstudio.com\/index.php\/wp-json\/wp\/v2\/pages\/86","targetHints":{"allow":["GET"]}}],"collection":[{"href":"https:\/\/www.bynikolstudio.com\/index.php\/wp-json\/wp\/v2\/pages"}],"about":[{"href":"https:\/\/www.bynikolstudio.com\/index.php\/wp-json\/wp\/v2\/types\/page"}],"author":[{"embeddable":true,"href":"https:\/\/www.bynikolstudio.com\/index.php\/wp-json\/wp\/v2\/users\/1"}],"replies":[{"embeddable":true,"href":"https:\/\/www.bynikolstudio.com\/index.php\/wp-json\/wp\/v2\/comments?post=86"}],"version-history":[{"count":10,"href":"https:\/\/www.bynikolstudio.com\/index.php\/wp-json\/wp\/v2\/pages\/86\/revisions"}],"predecessor-version":[{"id":141,"href":"https:\/\/www.bynikolstudio.com\/index.php\/wp-json\/wp\/v2\/pages\/86\/revisions\/141"}],"wp:attachment":[{"href":"https:\/\/www.bynikolstudio.com\/index.php\/wp-json\/wp\/v2\/media?parent=86"}],"curies":[{"name":"wp","href":"https:\/\/api.w.org\/{rel}","templated":true}]}}

<h2 class="wp-block-heading alignwide" style="margin-top:var(--wp--preset--spacing--50)">FAQ &#8211; často kladené otázky</h2>



<h4 class="wp-block-heading alignwide" style="margin-top:var(--wp--preset--spacing--60)"><em>Co je to barevná typologie?</em></h4>



<h4 class="wp-block-heading alignwide" style="margin-bottom:var(--wp--preset--spacing--50)">Barevná typologie je individuální konzultace, která pomáhá objevit barvy, které přirozeně ladí a harmonizují s vaší pletí, očima, vlasy a celkovým barevným kontrastem.</h4>



<h4 class="wp-block-heading alignwide"><em>Jak to funguje?</em></h4>



<h4 class="wp-block-heading alignwide" style="margin-bottom:var(--wp--preset--spacing--50)">Pomocí tzv. šátkování společně zjistíme, které odstíny jsou pro vás ty nejlepší. Používám metodu 16 typů podle Italského image institutu, které se liší v barevném podtónu, jasu, sytosti a kontrastu.</h4>



<h4 class="wp-block-heading alignwide"><em>Jak konzultace probíhá?</em></h4>



<h4 class="wp-block-heading alignwide" style="margin-bottom:var(--wp--preset--spacing--50)">Setkáme se v útulném studiu v Praze, kde pomocí speciálních barevných šátků odhalíme váš barevný typ. Během přibližně 1,5 hodiny si ukážeme, jaké barvy vám nejvíce sluší a kterým barvám je lepší se vyhnout. Vysvětlím vám, jak s vaší paletou dále pracovat při výběru oblečení, doplňků a make-upu. Podíváme se na vaše oblíbené kousky v šatníku, ukážeme si jak je používat i když nejsou ve vaší barevné paletě a stejně projdeme i váš make-up a zkonzultujeme i barvu vlasů. Obdržíte vlastní barevnou paletu, celkové zhodnocení vaší návštěvy, abyste na nic nezapomněli a mohli se k tomu obrovskému množství informací kdykoliv vracet, a také tipy na nákupy.</h4>



<h4 class="wp-block-heading alignwide"><em>Jaká je cena konzultace?</em></h4>



<h4 class="wp-block-heading alignwide" style="margin-bottom:var(--wp--preset--spacing--50)">Individuální konzultace, která trvá 1,5-2 hodiny stojí 2500,-, konzultace pro dva stojí 4400,- a pro skupinové konzultace nad 2 osoby ráda připravím individuální nabídku, stačí mi poslat email.</h4>



<h4 class="wp-block-heading alignwide"><em>Pro koho je barevná typologie vhodná?</em></h4>



<h4 class="wp-block-heading alignwide">Tato služba je vhodná pro každého, kdo chce:</h4>



<h4 class="wp-block-heading alignwide" style="padding-right:0;padding-left:var(--wp--preset--spacing--50)">&#8211; najít vlastní styl a cítit se v něm skvěle</h4>



<h4 class="wp-block-heading alignwide" style="padding-left:var(--wp--preset--spacing--50)">&#8211; zjednodušit si výběr oblečení</h4>



<h4 class="wp-block-heading alignwide" style="padding-left:var(--wp--preset--spacing--50)">&#8211; působit svěže a přirozeně</h4>



<h4 class="wp-block-heading alignwide" style="padding-bottom:var(--wp--preset--spacing--50);padding-left:var(--wp--preset--spacing--50)">&#8211; zjistit proč a jak některé barvy fungují a jiné ne</h4>



<h4 class="wp-block-heading alignwide">Ať už jste po životní změně, hledáte nový impuls, nebo se chcete prostě jen lépe cítit a poznat, barevná typologie vám může být krásným začátkem.</h4>

<p>FAQ &#8211; často kladené otázky Co je to barevná typologie? Barevná typologie je individuální konzultace, která pomáhá objevit barvy, které přirozeně ladí a harmonizují s vaší pletí, očima, vlasy a celkovým barevným kontrastem. Jak to funguje? Pomocí tzv. šátkování společně zjistíme, které odstíny jsou pro vás ty nejlepší. Používám metodu 16 typů podle Italského image [&hellip;]</p>
